Jan 13 07:24:01 ESM-MBP1 kernel[0]: AirPort_Brcm43xx::powerChange: System Wake - Full Wake/ Dark Wake / Maintenance wake
Jan 13 07:24:01 ESM-MBP1 kernel[0]: Previous Sleep Cause: 5
Jan 13 07:24:01 ESM-MBP1 kernel[0]: AppleThunderboltHAL::earlyWake - complete - took 1 milliseconds
Jan 13 07:24:01 ESM-MBP1 kernel[0]: Thunderbolt Self-Reset Count = 0xedefbe00
Jan 13 07:24:01 ESM-MBP1 kernel[0]: TBT W (1): 0 [x]
Jan 13 07:24:01 ESM-MBP1 kernel[0]: en1: 802.11d country code set to 'X0'.
Jan 13 07:24:01 ESM-MBP1 kernel[0]: en1: Supported channels 1 2 3 4 5 6 7 8 9 10 11 36 40 44 48 52 56 60 64 100 104 108 112 116 120 124 128 132 136 140 149 153 157 161 165
Jan 13 07:24:01 ESM-MBP1.local WindowServer[188]: CGXDisplayDidWakeNotification [6886428763567]: posting kCGSDisplayDidWake
Jan 13 07:24:01 ESM-MBP1.local WindowServer[188]: handle_will_sleep_auth_and_shield_windows: NULL shield_window (lock state: 1)
Jan 13 07:24:04 ESM-MBP1.local loginwindow[39]: magsafeStateChanged state changed old 2 new 1
Jan 13 07:24:04 ESM-MBP1.local WindowServer[188]: CGXSetWindowListSystemAlpha: Invalid window 314 (index 0/1)
Jan 13 07:24:05 ESM-MBP1 kernel[0]: Ethernet [AppleBCM5701Ethernet]: Link up on en0, 1-Gigabit, Full-duplex, Symmetric flow-control, Debug [796d,2301,0de1,0300,c5e1,3800]
Jan 13 07:24:06 ESM-MBP1 kernel[0]: en1: 802.11d country code set to 'US'.
Jan 13 07:24:06 ESM-MBP1 kernel[0]: en1: Supported channels 1 2 3 4 5 6 7 8 9 10 11 36 40 44 48 52 56 60 64 100 104 108 112 116 120 124 128 132 136 140 149 153 157 161 165
Jan 13 07:24:08 ESM-MBP1 kernel[0]: MacAuthEvent en1 Auth result for: 04:a1:51:38:7b:ca MAC AUTH succeeded
Jan 13 07:24:08 ESM-MBP1 kernel[0]: wlEvent: en1 en1 Link UP virtIf = 0
Jan 13 07:24:08 ESM-MBP1 kernel[0]: AirPort: Link Up on en1
Jan 13 07:24:08 ESM-MBP1 kernel[0]: en1: BSSID changed to 04:a1:51:38:7b:ca
Jan 13 07:24:08 ESM-MBP1.local configd[55]: LINKLOCAL en1: parent has no IP
Jan 13 07:24:08 ESM-MBP1 kernel[0]: AirPort: RSN handshake complete on en1
Jan 13 07:24:08 ESM-MBP1.local UserEventAgent[11]: Captive: CNPluginHandler en1: Inactive
Jan 13 07:24:08 ESM-MBP1.local configd[55]: network changed: v4(en1-:192.168.1.20) DNS- Proxy-
Jan 13 07:24:08 ESM-MBP1.local netbiosd[1322]: network_reachability_changed : network is not reachable, netbiosd is shutting down
Jan 13 07:24:08 ESM-MBP1.local UserEventAgent[11]: Captive: [CNInfoNetworkActive:1655] en1: SSID 'NETGEAR96-5G' making interface primary (cache indicates network not captive)
Jan 13 07:24:08 ESM-MBP1.local configd[55]: network changed: DNS* Proxy
Jan 13 07:24:08 ESM-MBP1.local UserEventAgent[11]: Captive: CNPluginHandler en1: Evaluating
Jan 13 07:24:08 ESM-MBP1.local UserEventAgent[11]: Captive: en1: Not probing 'NETGEAR96-5G' (cache indicates not captive)
Jan 13 07:24:08 ESM-MBP1.local UserEventAgent[11]: Captive: CNPluginHandler en1: Authenticated
Jan 13 07:24:08 ESM-MBP1 kernel[0]: flow_divert_kctl_disconnect (0): disconnecting group 1
Jan 13 07:24:08 ESM-MBP1.local ntpd[211]: ntpd: wake time set -0.874993 s
Jan 13 07:24:09 ESM-MBP1.local com.apple.time[265]: Interval maximum value is 946100000 seconds (specified value: 9223372036854775807).
Jan 13 07:24:09 ESM-MBP1.local configd[55]: network changed: v4(en1!:192.168.1.20) DNS+ Proxy+ SMB
Jan 13 07:24:09 ESM-MBP1 kernel[0]: en1: BSSID changed to 04:a1:51:38:7b:ca
Jan 13 07:24:09 ESM-MBP1.local AirPlayUIAgent[1319]: 2015-01-13 07:24:09.682817 AM [AirPlayUIAgent] Changed PIN pairing: no
Jan 13 07:24:09 ESM-MBP1.local AirPlayUIAgent[1319]: 2015-01-13 07:24:09.976986 AM [AirPlayUIAgent] Changed PIN pairing: no
Jan 13 07:24:10 ESM-MBP1.local periodic-wrapper[1873]: Running daily periodic task.
Jan 13 07:24:12 ESM-MBP1.local configd[55]: network changed: v4(en0+:192.168.1.22, en1) DNS! Proxy! SMB
Jan 13 07:24:12 ESM-MBP1 xpcproxy[1877]: assertion failed: 13F34: xpcproxy + 3438 [D559FC96-E6B1-363A-B850-C7AC9734F210]: 0x2
Jan 13 07:24:14 ESM-MBP1.local apsd[60]: Unrecognized leaf certificate
Jan 13 07:24:14 ESM-MBP1.local airportd[62]: _doAutoJoin: Already associated to “NETGEAR96-5G”. Bailing on auto-join.
Jan 13 07:24:16 ESM-MBP1.local sandboxd[345] ([1322]): netbiosd(1322) deny file-read-metadata /private/var/empty
Jan 13 07:24:17 ESM-MBP1.local AirPlayUIAgent[1319]: 2015-01-13 07:24:17.729935 AM [AirPlayUIAgent] Changed PIN pairing: no
Jan 13 07:24:17 ESM-MBP1.local AirPlayUIAgent[1319]: 2015-01-13 07:24:17.746340 AM [AirPlayUIAgent] Changed PIN pairing: no
Jan 13 07:24:48 ESM-MBP1.local mds[35]: (Normal) ImportServer: Ignoring blacklisted Spotlight importer plugin:/Developer/Applications/Xcode.app/Contents/Library/Spotlight/SourceCode.mdimporter uuid:548A3091-3C5D-498A-A329-B532A6C896BB version:1801
Jan 13 07:24:49 --- last message repeated 1 time ---
Jan 13 07:24:49 ESM-MBP1 kernel[0]: hfs: mounted Recovery HD on device disk0s3
Jan 13 07:24:49 ESM-MBP1.local fseventsd[45]: Logging disabled completely for device:1: /Volumes/Recovery HD
Jan 13 07:24:49 ESM-MBP1.local mds[35]: (Normal) Volume: volume:0x7fc8f989d800 ********** Bootstrapped Creating a default store:0 SpotLoc:(null) SpotVerLoc:(null) occlude:0 /Volumes/Recovery HD
Jan 13 07:24:50 ESM-MBP1 kernel[0]: hfs: unmount initiated on Recovery HD on device disk0s3
Jan 13 07:24:54 ESM-MBP1.local parentalcontrolsd[1924]: StartObservingFSEvents [849:] -- *** StartObservingFSEvents started event stream
Jan 13 07:25:10 ESM-MBP1.local Console[1968]: setPresentationOptions called with NSApplicationPresentationFullScreen when there is no visible fullscreen window; this call will be ignored.
Jan 13 07:26:15 ESM-MBP1.local spindump[1974]: Saved diag report for powerstats version com.apple.SystemStats.Daily to /Library/Logs/DiagnosticReports/powerstats_2015-01-13-072615_ESM-MBP1.diag
Jan 13 07:26:16 ESM-MBP1.local spindump[1974]: Removing excessive log: file:///Library/Logs/DiagnosticReports/powerstats_2014-12-27-202610_ESM-MBP1.diag
Jan 13 07:26:24 ESM-MBP1.local spindump[1976]: Saved diag report for powerstats version com.apple.SystemStats.TopPowerEvent to /Library/Logs/DiagnosticReports/powerstats_2015-01-13-072624_ESM-MBP1.diag
Jan 13 07:26:24 ESM-MBP1.local spindump[1976]: Removing excessive log: file:///Library/Logs/DiagnosticReports/powerstats_2014-12-28-003055_ESM-MBP1.diag
Jan 13 07:26:26 ESM-MBP1.local spindump[1980]: Saved diag report for powerstats version com.apple.SystemStats.TopPowerEvent to /Library/Logs/DiagnosticReports/powerstats_2015-01-13-072626_ESM-MBP1.diag
Jan 13 07:26:26 ESM-MBP1.local spindump[1980]: Removing excessive log: file:///Library/Logs/DiagnosticReports/powerstats_2014-12-29-170940_ESM-MBP1.diag
Jan 13 07:26:27 ESM-MBP1.local spindump[1981]: Saved diag report for powerstats version com.apple.SystemStats.TopPowerEvent to /Library/Logs/DiagnosticReports/powerstats_2015-01-13-072627_ESM-MBP1.diag
Jan 13 07:26:27 ESM-MBP1.local spindump[1981]: Removing excessive log: file:///Library/Logs/DiagnosticReports/powerstats_2015-01-01-101626_ESM-MBP1.diag
Jan 13 07:28:14 ESM-MBP1.local mds[35]: (Normal) ImportServer: Ignoring blacklisted Spotlight importer plugin:/Developer/Applications/Xcode.app/Contents/Library/Spotlight/SourceCode.mdimporter uuid:548A3091-3C5D-498A-A329-B532A6C896BB version:1801
Jan 13 07:28:44 --- last message repeated 1 time ---
Jan 13 07:36:12 ESM-MBP1.local mds[35]: (Normal) ImportServer: Ignoring blacklisted Spotlight importer plugin:/Developer/Applications/Xcode.app/Contents/Library/Spotlight/SourceCode.mdimporter uuid:548A3091-3C5D-498A-A329-B532A6C896BB version:1801
Jan 13 07:36:12 ESM-MBP1.local mds[35]: (Normal) ImportServer: Ignoring blacklisted Spotlight importer plugin:/Developer/Applications/Xcode.app/Contents/Library/Spotlight/SourceCode.mdimporter uuid:548A3091-3C5D-498A-A329-B532A6C896BB version:1801
Jan 13 07:36:27 ESM-MBP1 xpcproxy[2006]: assertion failed: 13F34: xpcproxy + 3438 [D559FC96-E6B1-363A-B850-C7AC9734F210]: 0x2
Jan 13 07:38:14 ESM-MBP1.local mds[35]: (Normal) ImportServer: Ignoring blacklisted Spotlight importer plugin:/Developer/Applications/Xcode.app/Contents/Library/Spotlight/SourceCode.mdimporter uuid:548A3091-3C5D-498A-A329-B532A6C896BB version:1801
Jan 13 07:38:44 --- last message repeated 1 time ---
Jan 13 07:42:15 ESM-MBP1.local mds[35]: (Normal) ImportServer: Ignoring blacklisted Spotlight importer plugin:/Developer/Applications/Xcode.app/Contents/Library/Spotlight/SourceCode.mdimporter uuid:548A3091-3C5D-498A-A329-B532A6C896BB version:1801
Jan 13 07:42:15 ESM-MBP1.local mds[35]: (Normal) ImportServer: Ignoring blacklisted Spotlight importer plugin:/Developer/Applications/Xcode.app/Contents/Library/Spotlight/SourceCode.mdimporter uuid:548A3091-3C5D-498A-A329-B532A6C896BB version:1801
Jan 13 07:46:17 ESM-MBP1.local mds[35]: (Normal) ImportServer: Ignoring blacklisted Spotlight importer plugin:/Developer/Applications/Xcode.app/Contents/Library/Spotlight/SourceCode.mdimporter uuid:548A3091-3C5D-498A-A329-B532A6C896BB version:1801
Jan 13 07:46:47 --- last message repeated 1 time ---
Jan 13 07:48:44 ESM-MBP1.local WindowServer[188]: disable_update_timeout: UI updates were forcibly disabled by application "Xamarin Studio" for over 1.00 seconds. Server has re-enabled them.
Jan 13 07:48:45 ESM-MBP1.local WindowServer[188]: common_reenable_update: UI updates were finally reenabled by application "Xamarin Studio" after 2.21 seconds (server forcibly re-enabled them after 1.00 seconds)
Jan 13 07:48:51 ESM-MBP1.local com.apple.IconServicesAgent[339]: main Failed to composit image for binding VariantBinding [0x197] flags: 0x8 binding: FileInfoBinding [0x397] - extension: mov, UTI: com.apple.quicktime-movie, fileType: ????.
Jan 13 07:48:51 ESM-MBP1.local quicklookd[2042]: Warning: Cache image returned by the server has size range covering all valid image sizes. Binding: VariantBinding [0x203] flags: 0x8 binding: FileInfoBinding [0x103] - extension: mov, UTI: com.apple.quicktime-movie, fileType: ???? request size:16 scale: 1
Jan 13 07:53:09 ESM-MBP1.local mds[35]: (Normal) ImportServer: Ignoring blacklisted Spotlight importer plugin:/Developer/Applications/Xcode.app/Contents/Library/Spotlight/SourceCode.mdimporter uuid:548A3091-3C5D-498A-A329-B532A6C896BB version:1801
Jan 13 07:53:39 --- last message repeated 1 time ---
Jan 13 07:57:12 ESM-MBP1.local mds[35]: (Normal) ImportServer: Ignoring blacklisted Spotlight importer plugin:/Developer/Applications/Xcode.app/Contents/Library/Spotlight/SourceCode.mdimporter uuid:548A3091-3C5D-498A-A329-B532A6C896BB version:1801
Jan 13 07:57:12 ESM-MBP1.local mds[35]: (Normal) ImportServer: Ignoring blacklisted Spotlight importer plugin:/Developer/Applications/Xcode.app/Contents/Library/Spotlight/SourceCode.mdimporter uuid:548A3091-3C5D-498A-A329-B532A6C896BB version:1801
Jan 13 07:57:36 ESM-MBP1 launchd_sim[2107]: assertion failed: 13F34: libxpc.dylib + 29453 [464E62EA-4CF2-3FEF-9C17-692AD8D66AA8]: 0x8d
Jan 13 07:57:36 ESM-MBP1.local csproxy[1711]: Could not register service com.apple.coreservices.lsuseractivity.simulatorsupport: Failed to lookup com.apple.coreservices.lsuseractivity.simulatorsupport: 0x44e
Jan 13 07:59:12 ESM-MBP1.local mds[35]: (Normal) ImportServer: Ignoring blacklisted Spotlight importer plugin:/Developer/Applications/Xcode.app/Contents/Library/Spotlight/SourceCode.mdimporter uuid:548A3091-3C5D-498A-A329-B532A6C896BB version:1801
Jan 13 07:59:42 --- last message repeated 1 time ---
Jan 13 08:01:13 ESM-MBP1.local mds[35]: (Normal) ImportServer: Ignoring blacklisted Spotlight importer plugin:/Developer/Applications/Xcode.app/Contents/Library/Spotlight/SourceCode.mdimporter uuid:548A3091-3C5D-498A-A329-B532A6C896BB version:1801
Jan 13 08:01:13 ESM-MBP1.local mds[35]: (Normal) ImportServer: Ignoring blacklisted Spotlight importer plugin:/Developer/Applications/Xcode.app/Contents/Library/Spotlight/SourceCode.mdimporter uuid:548A3091-3C5D-498A-A329-B532A6C896BB version:1801
Jan 13 08:03:28 ESM-MBP1 xpcproxy[2163]: assertion failed: 13F34: xpcproxy + 3438 [D559FC96-E6B1-363A-B850-C7AC9734F210]: 0x2
Jan 13 08:05:14 ESM-MBP1.local mds[35]: (Normal) ImportServer: Ignoring blacklisted Spotlight importer plugin:/Developer/Applications/Xcode.app/Contents/Library/Spotlight/SourceCode.mdimporter uuid:548A3091-3C5D-498A-A329-B532A6C896BB version:1801
Jan 13 08:05:44 --- last message repeated 1 time ---
Jan 13 08:09:16 ESM-MBP1.local mds[35]: (Normal) ImportServer: Ignoring blacklisted Spotlight importer plugin:/Developer/Applications/Xcode.app/Contents/Library/Spotlight/SourceCode.mdimporter uuid:548A3091-3C5D-498A-A329-B532A6C896BB version:1801
Jan 13 08:09:16 ESM-MBP1.local mds[35]: (Normal) ImportServer: Ignoring blacklisted Spotlight importer plugin:/Developer/Applications/Xcode.app/Contents/Library/Spotlight/SourceCode.mdimporter uuid:548A3091-3C5D-498A-A329-B532A6C896BB version:1801
Jan 13 08:11:17 ESM-MBP1.local mds[35]: (Normal) ImportServer: Ignoring blacklisted Spotlight importer plugin:/Developer/Applications/Xcode.app/Contents/Library/Spotlight/SourceCode.mdimporter uuid:548A3091-3C5D-498A-A329-B532A6C896BB version:1801
Jan 13 08:11:47 --- last message repeated 1 time ---
Jan 13 08:15:19 ESM-MBP1.local mds[35]: (Normal) ImportServer: Ignoring blacklisted Spotlight importer plugin:/Developer/Applications/Xcode.app/Contents/Library/Spotlight/SourceCode.mdimporter uuid:548A3091-3C5D-498A-A329-B532A6C896BB version:1801
Jan 13 08:15:19 ESM-MBP1.local mds[35]: (Normal) ImportServer: Ignoring blacklisted Spotlight importer plugin:/Developer/Applications/Xcode.app/Contents/Library/Spotlight/SourceCode.mdimporter uuid:548A3091-3C5D-498A-A329-B532A6C896BB version:1801
Jan 13 08:19:20 ESM-MBP1.local mds[35]: (Normal) ImportServer: Ignoring blacklisted Spotlight importer plugin:/Developer/Applications/Xcode.app/Contents/Library/Spotlight/SourceCode.mdimporter uuid:548A3091-3C5D-498A-A329-B532A6C896BB version:1801
Jan 13 08:19:51 --- last message repeated 1 time ---
Jan 13 08:21:22 ESM-MBP1.local mds[35]: (Normal) ImportServer: Ignoring blacklisted Spotlight importer plugin:/Developer/Applications/Xcode.app/Contents/Library/Spotlight/SourceCode.mdimporter uuid:548A3091-3C5D-498A-A329-B532A6C896BB version:1801
Jan 13 08:21:22 ESM-MBP1.local mds[35]: (Normal) ImportServer: Ignoring blacklisted Spotlight importer plugin:/Developer/Applications/Xcode.app/Contents/Library/Spotlight/SourceCode.mdimporter uuid:548A3091-3C5D-498A-A329-B532A6C896BB version:1801
Jan 13 08:25:23 ESM-MBP1.local mds[35]: (Normal) ImportServer: Ignoring blacklisted Spotlight importer plugin:/Developer/Applications/Xcode.app/Contents/Library/Spotlight/SourceCode.mdimporter uuid:548A3091-3C5D-498A-A329-B532A6C896BB version:1801
Jan 13 08:25:54 --- last message repeated 1 time ---
Jan 13 08:29:25 ESM-MBP1.local mds[35]: (Normal) ImportServer: Ignoring blacklisted Spotlight importer plugin:/Developer/Applications/Xcode.app/Contents/Library/Spotlight/SourceCode.mdimporter uuid:548A3091-3C5D-498A-A329-B532A6C896BB version:1801
Jan 13 08:29:25 ESM-MBP1.local mds[35]: (Normal) ImportServer: Ignoring blacklisted Spotlight importer plugin:/Developer/Applications/Xcode.app/Contents/Library/Spotlight/SourceCode.mdimporter uuid:548A3091-3C5D-498A-A329-B532A6C896BB version:1801
Jan 13 08:30:21 ESM-MBP1.local System Events[2203]: .sdef warning for part of complex type 'any | number | boolean | date | list | record | text | data' used in suite 'Property List Suite': 'data' is not a valid type name.
Jan 13 08:30:21 ESM-MBP1.local System Events[2203]: .sdef warning for type 'text | missing value | any' attribute 'uniqueID' of class 'XML element' in suite 'XML Suite': AppleScript ID references may not work for this property because its type is not NSNumber- or NSString-derived.
Jan 13 08:32:26 ESM-MBP1.local mds[35]: (Normal) ImportServer: Ignoring blacklisted Spotlight importer plugin:/Developer/Applications/Xcode.app/Contents/Library/Spotlight/SourceCode.mdimporter uuid:548A3091-3C5D-498A-A329-B532A6C896BB version:1801
Jan 13 08:32:56 --- last message repeated 1 time ---
Jan 13 08:36:28 ESM-MBP1.local mds[35]: (Normal) ImportServer: Ignoring blacklisted Spotlight importer plugin:/Developer/Applications/Xcode.app/Contents/Library/Spotlight/SourceCode.mdimporter uuid:548A3091-3C5D-498A-A329-B532A6C896BB version:1801
Jan 13 08:36:28 ESM-MBP1.local mds[35]: (Normal) ImportServer: Ignoring blacklisted Spotlight importer plugin:/Developer/Applications/Xcode.app/Contents/Library/Spotlight/SourceCode.mdimporter uuid:548A3091-3C5D-498A-A329-B532A6C896BB version:1801
Jan 13 08:37:12 ESM-MBP1 xpcproxy[2214]: assertion failed: 13F34: xpcproxy + 3438 [D559FC96-E6B1-363A-B850-C7AC9734F210]: 0x2
Jan 13 08:38:29 ESM-MBP1.local mds[35]: (Normal) ImportServer: Ignoring blacklisted Spotlight importer plugin:/Developer/Applications/Xcode.app/Contents/Library/Spotlight/SourceCode.mdimporter uuid:548A3091-3C5D-498A-A329-B532A6C896BB version:1801
Jan 13 08:38:59 --- last message repeated 1 time ---
Jan 13 08:40:30 ESM-MBP1.local mds[35]: (Normal) ImportServer: Ignoring blacklisted Spotlight importer plugin:/Developer/Applications/Xcode.app/Contents/Library/Spotlight/SourceCode.mdimporter uuid:548A3091-3C5D-498A-A329-B532A6C896BB version:1801
Jan 13 08:40:30 ESM-MBP1.local mds[35]: (Normal) ImportServer: Ignoring blacklisted Spotlight importer plugin:/Developer/Applications/Xcode.app/Contents/Library/Spotlight/SourceCode.mdimporter uuid:548A3091-3C5D-498A-A329-B532A6C896BB version:1801
Jan 13 08:43:10 ESM-MBP1.local System Events[2228]: .sdef warning for part of complex type 'any | number | boolean | date | list | record | text | data' used in suite 'Property List Suite': 'data' is not a valid type name.
Jan 13 08:43:10 ESM-MBP1.local System Events[2228]: .sdef warning for type 'text | missing value | any' attribute 'uniqueID' of class 'XML element' in suite 'XML Suite': AppleScript ID references may not work for this property because its type is not NSNumber- or NSString-derived.
Jan 13 08:45:21 ESM-MBP1.local mds[35]: (Normal) ImportServer: Ignoring blacklisted Spotlight importer plugin:/Developer/Applications/Xcode.app/Contents/Library/Spotlight/SourceCode.mdimporter uuid:548A3091-3C5D-498A-A329-B532A6C896BB version:1801
Jan 13 08:45:51 --- last message repeated 1 time ---
Jan 13 08:45:51 ESM-MBP1 kernel[0]: CODE SIGNING: cs_invalid_page(0x1000): p=2240[Xamarin Android ] final status 0x0, allowing (remove VALID) page
Jan 13 08:45:57 ESM-MBP1 kernel[0]: VBoxDrv: host_vmxon -> vmx_use_count=1 rc=0
Jan 13 08:45:57 ESM-MBP1 kernel[0]: VBoxDrv: host_vmxoff -> vmx_use_count=0
Jan 13 08:45:57 ESM-MBP1 kernel[0]: VBoxFltDrv: attached to 'vboxnet1' / 0a 00 27 00 00 01
Jan 13 08:45:57 ESM-MBP1 kernel[0]: vboxnet1: promiscuous mode enable failed
Jan 13 08:45:57 ESM-MBP1 kernel[0]: VBoxNetFlt: Failed to put 'vboxnet1' into promiscuous mode, err=102 (0->0)
Jan 13 08:47:05 ESM-MBP1.local mds[35]: (Normal) ImportServer: Ignoring blacklisted Spotlight importer plugin:/Developer/Applications/Xcode.app/Contents/Library/Spotlight/SourceCode.mdimporter uuid:548A3091-3C5D-498A-A329-B532A6C896BB version:1801
Jan 13 08:47:35 --- last message repeated 1 time ---
Jan 13 08:49:08 ESM-MBP1.local mds[35]: (Normal) ImportServer: Ignoring blacklisted Spotlight importer plugin:/Developer/Applications/Xcode.app/Contents/Library/Spotlight/SourceCode.mdimporter uuid:548A3091-3C5D-498A-A329-B532A6C896BB version:1801
Jan 13 08:49:09 ESM-MBP1.local mds[35]: (Normal) ImportServer: Ignoring blacklisted Spotlight importer plugin:/Developer/Applications/Xcode.app/Contents/Library/Spotlight/SourceCode.mdimporter uuid:548A3091-3C5D-498A-A329-B532A6C896BB version:1801
Jan 13 08:49:33 ESM-MBP1 kernel[0]: process VBoxHeadless[2262] caught causing excessive wakeups. Observed wakeups rate (per sec): 330; Maximum permitted wakeups rate (per sec): 150; Observation period: 300 seconds; Task lifetime number of wakeups: 68808
Jan 13 08:49:34 ESM-MBP1.local ReportCrash[2354]: Invoking spindump for pid=2262 wakeups_rate=330 duration=137 because of excessive wakeups
Jan 13 08:49:35 ESM-MBP1 kernel[0]: CODE SIGNING: cs_invalid_page(0x10548f000): p=2355[spindump] final status 0x0, allowing (remove VALID) page
Jan 13 08:49:44 ESM-MBP1.local spindump[2355]: Saved wakeups_resource.spin report for VBoxHeadless version ??? (???) to /Library/Logs/DiagnosticReports/VBoxHeadless_2015-01-13-084944_ESM-MBP1.wakeups_resource.spin
Jan 13 08:52:35 ESM-MBP1.local mds[35]: (Normal) ImportServer: Ignoring blacklisted Spotlight importer plugin:/Developer/Applications/Xcode.app/Contents/Library/Spotlight/SourceCode.mdimporter uuid:548A3091-3C5D-498A-A329-B532A6C896BB version:1801
Jan 13 08:53:05 --- last message repeated 1 time ---
Jan 13 08:56:47 ESM-MBP1.local mds[35]: (Normal) ImportServer: Ignoring blacklisted Spotlight importer plugin:/Developer/Applications/Xcode.app/Contents/Library/Spotlight/SourceCode.mdimporter uuid:548A3091-3C5D-498A-A329-B532A6C896BB version:1801
Jan 13 08:56:47 ESM-MBP1.local mds[35]: (Normal) ImportServer: Ignoring blacklisted Spotlight importer plugin:/Developer/Applications/Xcode.app/Contents/Library/Spotlight/SourceCode.mdimporter uuid:548A3091-3C5D-498A-A329-B532A6C896BB version:1801
Jan 13 08:58:58 ESM-MBP1.local mds[35]: (Normal) ImportServer: Ignoring blacklisted Spotlight importer plugin:/Developer/Applications/Xcode.app/Contents/Library/Spotlight/SourceCode.mdimporter uuid:548A3091-3C5D-498A-A329-B532A6C896BB version:1801
Jan 13 08:59:28 --- last message repeated 1 time ---
Jan 13 08:59:59 ESM-MBP1.local com.apple.time[265]: Interval maximum value is 946100000 seconds (specified value: 9223372036854775807).
Jan 13 08:59:59 ESM-MBP1.local com.apple.time[265]: Interval maximum value is 946100000 seconds (specified value: 9223372036854775807).
Jan 13 09:00:29 --- last message repeated 14 times ---
Jan 13 09:03:11 ESM-MBP1.local mds[35]: (Normal) ImportServer: Ignoring blacklisted Spotlight importer plugin:/Developer/Applications/Xcode.app/Contents/Library/Spotlight/SourceCode.mdimporter uuid:548A3091-3C5D-498A-A329-B532A6C896BB version:1801
Jan 13 09:03:11 ESM-MBP1.local mds[35]: (Normal) ImportServer: Ignoring blacklisted Spotlight importer plugin:/Developer/Applications/Xcode.app/Contents/Library/Spotlight/SourceCode.mdimporter uuid:548A3091-3C5D-498A-A329-B532A6C896BB version:1801
Jan 13 09:04:11 ESM-MBP1.local com.apple.usbmuxd[1686]: stopping.
Jan 13 09:04:12 ESM-MBP1.local com.apple.usbmuxd[2557]: usbmuxd-344.3 on Oct 13 2014 at 21:10:09, running 64 bit
Jan 13 09:04:16 ESM-MBP1.local WindowServer[188]: disable_update_timeout: UI updates were forcibly disabled by application "Xamarin Studio" for over 1.00 seconds. Server has re-enabled them.
Jan 13 09:04:17 ESM-MBP1.local WindowServer[188]: common_reenable_update: UI updates were finally reenabled by application "Xamarin Studio" after 1.24 seconds (server forcibly re-enabled them after 1.00 seconds)
Jan 13 09:04:24 ESM-MBP1.local com.apple.usbmuxd[2557]: LOCKDOWN_V2_BONJOUR_SERVICE_NAME is _apple-mobdev2._tcp,94ea0817
Jan 13 09:05:18 ESM-MBP1 launchd_sim[2587]: assertion failed: 13F34: libxpc.dylib + 29453 [464E62EA-4CF2-3FEF-9C17-692AD8D66AA8]: 0x8d
Jan 13 09:05:18 ESM-MBP1.local csproxy[2586]: Could not register service com.apple.coreservices.lsuseractivity.simulatorsupport: Failed to lookup com.apple.coreservices.lsuseractivity.simulatorsupport: 0x44e
Jan 13 09:05:55 ESM-MBP1.local csproxy[2586]: Could not register service com.apple.coreservices.lsuseractivity.simulatorsupport: Failed to lookup com.apple.coreservices.lsuseractivity.simulatorsupport: 0x44e
Jan 13 09:10:10 ESM-MBP1 kernel[0]: AppleUSBCDCACMData: Version number - 4.2.1b5, Input buffers 8, Output buffers 16
Jan 13 09:10:10 ESM-MBP1 kernel[0]: AppleUSBCDC: Version number - 4.2.1b5
Jan 13 09:11:39 ESM-MBP1.local mds[35]: (Normal) ImportServer: Ignoring blacklisted Spotlight importer plugin:/Developer/Applications/Xcode.app/Contents/Library/Spotlight/SourceCode.mdimporter uuid:548A3091-3C5D-498A-A329-B532A6C896BB version:1801
Jan 13 09:12:10 --- last message repeated 1 time ---
Jan 13 09:13:46 ESM-MBP1.local mds[35]: (Normal) ImportServer: Ignoring blacklisted Spotlight importer plugin:/Developer/Applications/Xcode.app/Contents/Library/Spotlight/SourceCode.mdimporter uuid:548A3091-3C5D-498A-A329-B532A6C896BB version:1801
Jan 13 09:13:47 ESM-MBP1.local mds[35]: (Normal) ImportServer: Ignoring blacklisted Spotlight importer plugin:/Developer/Applications/Xcode.app/Contents/Library/Spotlight/SourceCode.mdimporter uuid:548A3091-3C5D-498A-A329-B532A6C896BB version:1801
Jan 13 09:16:17 ESM-MBP1.local ReportCrash[2842]: Saved crash report for adb[495] version ??? to /Users/shantimohan/Library/Logs/DiagnosticReports/adb_2015-01-13-091617_ESM-MBP1.crash
Jan 13 09:16:39 ESM-MBP1.local com.apple.usbmuxd[2557]: stopping.
Jan 13 09:16:39 ESM-MBP1.local com.apple.usbmuxd[2849]: usbmuxd-344.3 on Oct 13 2014 at 21:10:09, running 64 bit
Jan 13 09:17:59 ESM-MBP1.local mds[35]: (Normal) ImportServer: Ignoring blacklisted Spotlight importer plugin:/Developer/Applications/Xcode.app/Contents/Library/Spotlight/SourceCode.mdimporter uuid:548A3091-3C5D-498A-A329-B532A6C896BB version:1801
Jan 13 09:18:29 --- last message repeated 1 time ---
Jan 13 09:20:10 ESM-MBP1.local mds[35]: (Normal) ImportServer: Ignoring blacklisted Spotlight importer plugin:/Developer/Applications/Xcode.app/Contents/Library/Spotlight/SourceCode.mdimporter uuid:548A3091-3C5D-498A-A329-B532A6C896BB version:1801
Jan 13 09:20:10 ESM-MBP1.local mds[35]: (Normal) ImportServer: Ignoring blacklisted Spotlight importer plugin:/Developer/Applications/Xcode.app/Contents/Library/Spotlight/SourceCode.mdimporter uuid:548A3091-3C5D-498A-A329-B532A6C896BB version:1801
Jan 13 09:22:17 ESM-MBP1 xpcproxy[2929]: assertion failed: 13F34: xpcproxy + 3438 [D559FC96-E6B1-363A-B850-C7AC9734F210]: 0x2
Jan 13 09:24:20 ESM-MBP1.local mds[35]: (Normal) ImportServer: Ignoring blacklisted Spotlight importer plugin:/Developer/Applications/Xcode.app/Contents/Library/Spotlight/SourceCode.mdimporter uuid:548A3091-3C5D-498A-A329-B532A6C896BB version:1801
Jan 13 09:24:50 --- last message repeated 1 time ---
Jan 13 09:28:31 ESM-MBP1.local mds[35]: (Normal) ImportServer: Ignoring blacklisted Spotlight importer plugin:/Developer/Applications/Xcode.app/Contents/Library/Spotlight/SourceCode.mdimporter uuid:548A3091-3C5D-498A-A329-B532A6C896BB version:1801
Jan 13 09:28:31 ESM-MBP1.local mds[35]: (Normal) ImportServer: Ignoring blacklisted Spotlight importer plugin:/Developer/Applications/Xcode.app/Contents/Library/Spotlight/SourceCode.mdimporter uuid:548A3091-3C5D-498A-A329-B532A6C896BB version:1801
Jan 13 09:30:42 ESM-MBP1.local mds[35]: (Normal) ImportServer: Ignoring blacklisted Spotlight importer plugin:/Developer/Applications/Xcode.app/Contents/Library/Spotlight/SourceCode.mdimporter uuid:548A3091-3C5D-498A-A329-B532A6C896BB version:1801
Jan 13 09:31:13 --- last message repeated 1 time ---
Jan 13 09:34:54 ESM-MBP1.local mds[35]: (Normal) ImportServer: Ignoring blacklisted Spotlight importer plugin:/Developer/Applications/Xcode.app/Contents/Library/Spotlight/SourceCode.mdimporter uuid:548A3091-3C5D-498A-A329-B532A6C896BB version:1801
Jan 13 09:34:54 ESM-MBP1.local mds[35]: (Normal) ImportServer: Ignoring blacklisted Spotlight importer plugin:/Developer/Applications/Xcode.app/Contents/Library/Spotlight/SourceCode.mdimporter uuid:548A3091-3C5D-498A-A329-B532A6C896BB version:1801
Jan 13 09:37:05 ESM-MBP1.local mds[35]: (Normal) ImportServer: Ignoring blacklisted Spotlight importer plugin:/Developer/Applications/Xcode.app/Contents/Library/Spotlight/SourceCode.mdimporter uuid:548A3091-3C5D-498A-A329-B532A6C896BB version:1801
Jan 13 09:37:35 --- last message repeated 1 time ---
Jan 13 09:39:16 ESM-MBP1.local mds[35]: (Normal) ImportServer: Ignoring blacklisted Spotlight importer plugin:/Developer/Applications/Xcode.app/Contents/Library/Spotlight/SourceCode.mdimporter uuid:548A3091-3C5D-498A-A329-B532A6C896BB version:1801
Jan 13 09:39:16 ESM-MBP1.local mds[35]: (Normal) ImportServer: Ignoring blacklisted Spotlight importer plugin:/Developer/Applications/Xcode.app/Contents/Library/Spotlight/SourceCode.mdimporter uuid:548A3091-3C5D-498A-A329-B532A6C896BB version:1801
Jan 13 09:43:28 ESM-MBP1.local mds[35]: (Normal) ImportServer: Ignoring blacklisted Spotlight importer plugin:/Developer/Applications/Xcode.app/Contents/Library/Spotlight/SourceCode.mdimporter uuid:548A3091-3C5D-498A-A329-B532A6C896BB version:1801
Jan 13 09:43:58 --- last message repeated 1 time ---
Jan 13 09:44:39 ESM-MBP1.local mds[35]: (Normal) ImportServer: Ignoring blacklisted Spotlight importer plugin:/Developer/Applications/Xcode.app/Contents/Library/Spotlight/SourceCode.mdimporter uuid:548A3091-3C5D-498A-A329-B532A6C896BB version:1801
Jan 13 09:44:39 ESM-MBP1.local mds[35]: (Normal) ImportServer: Ignoring blacklisted Spotlight importer plugin:/Developer/Applications/Xcode.app/Contents/Library/Spotlight/SourceCode.mdimporter uuid:548A3091-3C5D-498A-A329-B532A6C896BB version:1801
Jan 13 09:45:30 ESM-MBP1 xpcproxy[3247]: assertion failed: 13F34: xpcproxy + 3438 [D559FC96-E6B1-363A-B850-C7AC9734F210]: 0x2
Jan 13 09:46:50 ESM-MBP1.local mds[35]: (Normal) ImportServer: Ignoring blacklisted Spotlight importer plugin:/Developer/Applications/Xcode.app/Contents/Library/Spotlight/SourceCode.mdimporter uuid:548A3091-3C5D-498A-A329-B532A6C896BB version:1801
Jan 13 09:47:21 --- last message repeated 1 time ---
Jan 13 09:51:02 ESM-MBP1.local mds[35]: (Normal) ImportServer: Ignoring blacklisted Spotlight importer plugin:/Developer/Applications/Xcode.app/Contents/Library/Spotlight/SourceCode.mdimporter uuid:548A3091-3C5D-498A-A329-B532A6C896BB version:1801
Jan 13 09:51:02 ESM-MBP1.local mds[35]: (Normal) ImportServer: Ignoring blacklisted Spotlight importer plugin:/Developer/Applications/Xcode.app/Contents/Library/Spotlight/SourceCode.mdimporter uuid:548A3091-3C5D-498A-A329-B532A6C896BB version:1801
Jan 13 09:55:13 ESM-MBP1.local mds[35]: (Normal) ImportServer: Ignoring blacklisted Spotlight importer plugin:/Developer/Applications/Xcode.app/Contents/Library/Spotlight/SourceCode.mdimporter uuid:548A3091-3C5D-498A-A329-B532A6C896BB version:1801
Jan 13 09:55:43 --- last message repeated 1 time ---
Jan 13 09:57:24 ESM-MBP1.local mds[35]: (Normal) ImportServer: Ignoring blacklisted Spotlight importer plugin:/Developer/Applications/Xcode.app/Contents/Library/Spotlight/SourceCode.mdimporter uuid:548A3091-3C5D-498A-A329-B532A6C896BB version:1801
Jan 13 09:57:24 ESM-MBP1.local mds[35]: (Normal) ImportServer: Ignoring blacklisted Spotlight importer plugin:/Developer/Applications/Xcode.app/Contents/Library/Spotlight/SourceCode.mdimporter uuid:548A3091-3C5D-498A-A329-B532A6C896BB version:1801
Jan 13 10:01:36 ESM-MBP1.local mds[35]: (Normal) ImportServer: Ignoring blacklisted Spotlight importer plugin:/Developer/Applications/Xcode.app/Contents/Library/Spotlight/SourceCode.mdimporter uuid:548A3091-3C5D-498A-A329-B532A6C896BB version:1801
Jan 13 10:02:06 --- last message repeated 1 time ---
Jan 13 10:09:47 ESM-MBP1.local mds[35]: (Normal) ImportServer: Ignoring blacklisted Spotlight importer plugin:/Developer/Applications/Xcode.app/Contents/Library/Spotlight/SourceCode.mdimporter uuid:548A3091-3C5D-498A-A329-B532A6C896BB version:1801
Jan 13 10:09:47 ESM-MBP1.local mds[35]: (Normal) ImportServer: Ignoring blacklisted Spotlight importer plugin:/Developer/Applications/Xcode.app/Contents/Library/Spotlight/SourceCode.mdimporter uuid:548A3091-3C5D-498A-A329-B532A6C896BB version:1801
Jan 13 10:11:58 ESM-MBP1.local mds[35]: (Normal) ImportServer: Ignoring blacklisted Spotlight importer plugin:/Developer/Applications/Xcode.app/Contents/Library/Spotlight/SourceCode.mdimporter uuid:548A3091-3C5D-498A-A329-B532A6C896BB version:1801
Jan 13 10:12:28 --- last message repeated 1 time ---
Jan 13 10:16:10 ESM-MBP1.local mds[35]: (Normal) ImportServer: Ignoring blacklisted Spotlight importer plugin:/Developer/Applications/Xcode.app/Contents/Library/Spotlight/SourceCode.mdimporter uuid:548A3091-3C5D-498A-A329-B532A6C896BB version:1801
Jan 13 10:16:10 ESM-MBP1.local mds[35]: (Normal) ImportServer: Ignoring blacklisted Spotlight importer plugin:/Developer/Applications/Xcode.app/Contents/Library/Spotlight/SourceCode.mdimporter uuid:548A3091-3C5D-498A-A329-B532A6C896BB version:1801
Jan 13 10:18:21 ESM-MBP1.local mds[35]: (Normal) ImportServer: Ignoring blacklisted Spotlight importer plugin:/Developer/Applications/Xcode.app/Contents/Library/Spotlight/SourceCode.mdimporter uuid:548A3091-3C5D-498A-A329-B532A6C896BB version:1801
Jan 13 10:18:51 --- last message repeated 1 time ---
Jan 13 10:20:50 ESM-MBP1 xpcproxy[3713]: assertion failed: 13F34: xpcproxy + 3438 [D559FC96-E6B1-363A-B850-C7AC9734F210]: 0x2
Jan 13 10:22:32 ESM-MBP1.local mds[35]: (Normal) ImportServer: Ignoring blacklisted Spotlight importer plugin:/Developer/Applications/Xcode.app/Contents/Library/Spotlight/SourceCode.mdimporter uuid:548A3091-3C5D-498A-A329-B532A6C896BB version:1801
Jan 13 10:23:02 --- last message repeated 1 time ---
Jan 13 10:25:01 ESM-MBP1.local parentalcontrolsd[3770]: StartObservingFSEvents [849:] -- *** StartObservingFSEvents started event stream
Jan 13 10:26:44 ESM-MBP1.local mds[35]: (Normal) ImportServer: Ignoring blacklisted Spotlight importer plugin:/Developer/Applications/Xcode.app/Contents/Library/Spotlight/SourceCode.mdimporter uuid:548A3091-3C5D-498A-A329-B532A6C896BB version:1801
Jan 13 10:27:14 --- last message repeated 1 time ---
Jan 13 10:28:55 ESM-MBP1.local mds[35]: (Normal) ImportServer: Ignoring blacklisted Spotlight importer plugin:/Developer/Applications/Xcode.app/Contents/Library/Spotlight/SourceCode.mdimporter uuid:548A3091-3C5D-498A-A329-B532A6C896BB version:1801
Jan 13 10:28:55 ESM-MBP1.local mds[35]: (Normal) ImportServer: Ignoring blacklisted Spotlight importer plugin:/Developer/Applications/Xcode.app/Contents/Library/Spotlight/SourceCode.mdimporter uuid:548A3091-3C5D-498A-A329-B532A6C896BB version:1801
Jan 13 10:33:07 ESM-MBP1.local mds[35]: (Normal) ImportServer: Ignoring blacklisted Spotlight importer plugin:/Developer/Applications/Xcode.app/Contents/Library/Spotlight/SourceCode.mdimporter uuid:548A3091-3C5D-498A-A329-B532A6C896BB version:1801
Jan 13 10:33:37 --- last message repeated 1 time ---
Jan 13 10:35:18 ESM-MBP1.local mds[35]: (Normal) ImportServer: Ignoring blacklisted Spotlight importer plugin:/Developer/Applications/Xcode.app/Contents/Library/Spotlight/SourceCode.mdimporter uuid:548A3091-3C5D-498A-A329-B532A6C896BB version:1801
Jan 13 10:35:18 ESM-MBP1.local mds[35]: (Normal) ImportServer: Ignoring blacklisted Spotlight importer plugin:/Developer/Applications/Xcode.app/Contents/Library/Spotlight/SourceCode.mdimporter uuid:548A3091-3C5D-498A-A329-B532A6C896BB version:1801
Jan 13 10:37:29 ESM-MBP1.local mds[35]: (Normal) ImportServer: Ignoring blacklisted Spotlight importer plugin:/Developer/Applications/Xcode.app/Contents/Library/Spotlight/SourceCode.mdimporter uuid:548A3091-3C5D-498A-A329-B532A6C896BB version:1801
Jan 13 10:38:00 --- last message repeated 1 time ---
Jan 13 10:41:40 ESM-MBP1.local mds[35]: (Normal) ImportServer: Ignoring blacklisted Spotlight importer plugin:/Developer/Applications/Xcode.app/Contents/Library/Spotlight/SourceCode.mdimporter uuid:548A3091-3C5D-498A-A329-B532A6C896BB version:1801
Jan 13 10:41:40 ESM-MBP1.local mds[35]: (Normal) ImportServer: Ignoring blacklisted Spotlight importer plugin:/Developer/Applications/Xcode.app/Contents/Library/Spotlight/SourceCode.mdimporter uuid:548A3091-3C5D-498A-A329-B532A6C896BB version:1801
Jan 13 10:42:52 ESM-MBP1.local mds[35]: (Normal) ImportServer: Ignoring blacklisted Spotlight importer plugin:/Developer/Applications/Xcode.app/Contents/Library/Spotlight/SourceCode.mdimporter uuid:548A3091-3C5D-498A-A329-B532A6C896BB version:1801
Jan 13 10:43:22 --- last message repeated 1 time ---
Jan 13 10:45:03 ESM-MBP1.local mds[35]: (Normal) ImportServer: Ignoring blacklisted Spotlight importer plugin:/Developer/Applications/Xcode.app/Contents/Library/Spotlight/SourceCode.mdimporter uuid:548A3091-3C5D-498A-A329-B532A6C896BB version:1801
Jan 13 10:45:04 ESM-MBP1.local mds[35]: (Normal) ImportServer: Ignoring blacklisted Spotlight importer plugin:/Developer/Applications/Xcode.app/Contents/Library/Spotlight/SourceCode.mdimporter uuid:548A3091-3C5D-498A-A329-B532A6C896BB version:1801
Jan 13 10:49:14 ESM-MBP1.local mds[35]: (Normal) ImportServer: Ignoring blacklisted Spotlight importer plugin:/Developer/Applications/Xcode.app/Contents/Library/Spotlight/SourceCode.mdimporter uuid:548A3091-3C5D-498A-A329-B532A6C896BB version:1801
Jan 13 10:49:44 --- last message repeated 1 time ---
Jan 13 10:53:26 ESM-MBP1.local mds[35]: (Normal) ImportServer: Ignoring blacklisted Spotlight importer plugin:/Developer/Applications/Xcode.app/Contents/Library/Spotlight/SourceCode.mdimporter uuid:548A3091-3C5D-498A-A329-B532A6C896BB version:1801
Jan 13 10:53:26 ESM-MBP1.local mds[35]: (Normal) ImportServer: Ignoring blacklisted Spotlight importer plugin:/Developer/Applications/Xcode.app/Contents/Library/Spotlight/SourceCode.mdimporter uuid:548A3091-3C5D-498A-A329-B532A6C896BB version:1801
Jan 13 10:55:37 ESM-MBP1.local mds[35]: (Normal) ImportServer: Ignoring blacklisted Spotlight importer plugin:/Developer/Applications/Xcode.app/Contents/Library/Spotlight/SourceCode.mdimporter uuid:548A3091-3C5D-498A-A329-B532A6C896BB version:1801
Jan 13 10:56:01 --- last message repeated 1 time ---
Jan 13 10:55:59 ESM-MBP1.local secd[335]: SecErrorGetOSStatus unknown error domain: com.apple.security.sos.error for error: The operation couldn’t be completed. (com.apple.security.sos.error error 2 - Public Key not available - failed to register before call)
Jan 13 10:55:59 ESM-MBP1.local secd[335]: securityd_xpc_dictionary_handler EscrowSecurityAl[1654] DeviceInCircle The operation couldn’t be completed. (com.apple.security.sos.error error 2 - Public Key not available - failed to register before call)
Jan 13 10:56:10 ESM-MBP1 xpcproxy[4194]: assertion failed: 13F34: xpcproxy + 3438 [D559FC96-E6B1-363A-B850-C7AC9734F210]: 0x2
Jan 13 10:59:49 ESM-MBP1.local mds[35]: (Normal) ImportServer: Ignoring blacklisted Spotlight importer plugin:/Developer/Applications/Xcode.app/Contents/Library/Spotlight/SourceCode.mdimporter uuid:548A3091-3C5D-498A-A329-B532A6C896BB version:1801
Jan 13 11:00:19 --- last message repeated 1 time ---
Jan 13 11:08:00 ESM-MBP1.local mds[35]: (Normal) ImportServer: Ignoring blacklisted Spotlight importer plugin:/Developer/Applications/Xcode.app/Contents/Library/Spotlight/SourceCode.mdimporter uuid:548A3091-3C5D-498A-A329-B532A6C896BB version:1801
Jan 13 11:08:00 ESM-MBP1.local mds[35]: (Normal) ImportServer: Ignoring blacklisted Spotlight importer plugin:/Developer/Applications/Xcode.app/Contents/Library/Spotlight/SourceCode.mdimporter uuid:548A3091-3C5D-498A-A329-B532A6C896BB version:1801
Jan 13 11:10:10 ESM-MBP1 xpcproxy[4376]: assertion failed: 13F34: xpcproxy + 3438 [D559FC96-E6B1-363A-B850-C7AC9734F210]: 0x2
Jan 13 11:10:12 ESM-MBP1.local mds[35]: (Normal) ImportServer: Ignoring blacklisted Spotlight importer plugin:/Developer/Applications/Xcode.app/Contents/Library/Spotlight/SourceCode.mdimporter uuid:548A3091-3C5D-498A-A329-B532A6C896BB version:1801
Jan 13 11:10:42 --- last message repeated 1 time ---
Jan 13 11:14:22 ESM-MBP1.local mds[35]: (Normal) ImportServer: Ignoring blacklisted Spotlight importer plugin:/Developer/Applications/Xcode.app/Contents/Library/Spotlight/SourceCode.mdimporter uuid:548A3091-3C5D-498A-A329-B532A6C896BB version:1801
Jan 13 11:14:22 ESM-MBP1.local mds[35]: (Normal) ImportServer: Ignoring blacklisted Spotlight importer plugin:/Developer/Applications/Xcode.app/Contents/Library/Spotlight/SourceCode.mdimporter uuid:548A3091-3C5D-498A-A329-B532A6C896BB version:1801
Jan 13 11:16:34 ESM-MBP1.local mds[35]: (Normal) ImportServer: Ignoring blacklisted Spotlight importer plugin:/Developer/Applications/Xcode.app/Contents/Library/Spotlight/SourceCode.mdimporter uuid:548A3091-3C5D-498A-A329-B532A6C896BB version:1801
Jan 13 11:17:04 --- last message repeated 1 time ---
Jan 13 11:20:45 ESM-MBP1.local mds[35]: (Normal) ImportServer: Ignoring blacklisted Spotlight importer plugin:/Developer/Applications/Xcode.app/Contents/Library/Spotlight/SourceCode.mdimporter uuid:548A3091-3C5D-498A-A329-B532A6C896BB version:1801
Jan 13 11:20:46 ESM-MBP1.local mds[35]: (Normal) ImportServer: Ignoring blacklisted Spotlight importer plugin:/Developer/Applications/Xcode.app/Contents/Library/Spotlight/SourceCode.mdimporter uuid:548A3091-3C5D-498A-A329-B532A6C896BB version:1801
Jan 13 11:24:57 ESM-MBP1.local mds[35]: (Normal) ImportServer: Ignoring blacklisted Spotlight importer plugin:/Developer/Applications/Xcode.app/Contents/Library/Spotlight/SourceCode.mdimporter uuid:548A3091-3C5D-498A-A329-B532A6C896BB version:1801
Jan 13 11:25:27 --- last message repeated 1 time ---
Jan 13 11:27:08 ESM-MBP1.local mds[35]: (Normal) ImportServer: Ignoring blacklisted Spotlight importer plugin:/Developer/Applications/Xcode.app/Contents/Library/Spotlight/SourceCode.mdimporter uuid:548A3091-3C5D-498A-A329-B532A6C896BB version:1801
Jan 13 11:27:08 ESM-MBP1.local mds[35]: (Normal) ImportServer: Ignoring blacklisted Spotlight importer plugin:/Developer/Applications/Xcode.app/Contents/Library/Spotlight/SourceCode.mdimporter uuid:548A3091-3C5D-498A-A329-B532A6C896BB version:1801
Jan 13 11:31:10 ESM-MBP1 xpcproxy[4658]: assertion failed: 13F34: xpcproxy + 3438 [D559FC96-E6B1-363A-B850-C7AC9734F210]: 0x2
Jan 13 11:31:19 ESM-MBP1.local mds[35]: (Normal) ImportServer: Ignoring blacklisted Spotlight importer plugin:/Developer/Applications/Xcode.app/Contents/Library/Spotlight/SourceCode.mdimporter uuid:548A3091-3C5D-498A-A329-B532A6C896BB version:1801
Jan 13 11:31:49 --- last message repeated 1 time ---
Jan 13 11:33:31 ESM-MBP1.local mds[35]: (Normal) ImportServer: Ignoring blacklisted Spotlight importer plugin:/Developer/Applications/Xcode.app/Contents/Library/Spotlight/SourceCode.mdimporter uuid:548A3091-3C5D-498A-A329-B532A6C896BB version:1801
Jan 13 11:33:31 ESM-MBP1.local mds[35]: (Normal) ImportServer: Ignoring blacklisted Spotlight importer plugin:/Developer/Applications/Xcode.app/Contents/Library/Spotlight/SourceCode.mdimporter uuid:548A3091-3C5D-498A-A329-B532A6C896BB version:1801
Jan 13 11:35:42 ESM-MBP1.local mds[35]: (Normal) ImportServer: Ignoring blacklisted Spotlight importer plugin:/Developer/Applications/Xcode.app/Contents/Library/Spotlight/SourceCode.mdimporter uuid:548A3091-3C5D-498A-A329-B532A6C896BB version:1801
Jan 13 11:36:12 --- last message repeated 1 time ---
Jan 13 11:39:53 ESM-MBP1.local mds[35]: (Normal) ImportServer: Ignoring blacklisted Spotlight importer plugin:/Developer/Applications/Xcode.app/Contents/Library/Spotlight/SourceCode.mdimporter uuid:548A3091-3C5D-498A-A329-B532A6C896BB version:1801
Jan 13 11:39:53 ESM-MBP1.local mds[35]: (Normal) ImportServer: Ignoring blacklisted Spotlight importer plugin:/Developer/Applications/Xcode.app/Contents/Library/Spotlight/SourceCode.mdimporter uuid:548A3091-3C5D-498A-A329-B532A6C896BB version:1801
Jan 13 11:41:04 ESM-MBP1.local mds[35]: (Normal) ImportServer: Ignoring blacklisted Spotlight importer plugin:/Developer/Applications/Xcode.app/Contents/Library/Spotlight/SourceCode.mdimporter uuid:548A3091-3C5D-498A-A329-B532A6C896BB version:1801
Jan 13 11:41:35 --- last message repeated 1 time ---
Jan 13 11:43:16 ESM-MBP1.local mds[35]: (Normal) ImportServer: Ignoring blacklisted Spotlight importer plugin:/Developer/Applications/Xcode.app/Contents/Library/Spotlight/SourceCode.mdimporter uuid:548A3091-3C5D-498A-A329-B532A6C896BB version:1801
Jan 13 11:43:16 ESM-MBP1.local mds[35]: (Normal) ImportServer: Ignoring blacklisted Spotlight importer plugin:/Developer/Applications/Xcode.app/Contents/Library/Spotlight/SourceCode.mdimporter uuid:548A3091-3C5D-498A-A329-B532A6C896BB version:1801
Jan 13 11:44:47 ESM-MBP1 xpcproxy[4849]: assertion failed: 13F34: xpcproxy + 3438 [D559FC96-E6B1-363A-B850-C7AC9734F210]: 0x2
Jan 13 11:47:27 ESM-MBP1.local mds[35]: (Normal) ImportServer: Ignoring blacklisted Spotlight importer plugin:/Developer/Applications/Xcode.app/Contents/Library/Spotlight/SourceCode.mdimporter uuid:548A3091-3C5D-498A-A329-B532A6C896BB version:1801
Jan 13 11:47:57 --- last message repeated 1 time ---
Jan 13 11:51:39 ESM-MBP1.local mds[35]: (Normal) ImportServer: Ignoring blacklisted Spotlight importer plugin:/Developer/Applications/Xcode.app/Contents/Library/Spotlight/SourceCode.mdimporter uuid:548A3091-3C5D-498A-A329-B532A6C896BB version:1801
Jan 13 11:51:39 ESM-MBP1.local mds[35]: (Normal) ImportServer: Ignoring blacklisted Spotlight importer plugin:/Developer/Applications/Xcode.app/Contents/Library/Spotlight/SourceCode.mdimporter uuid:548A3091-3C5D-498A-A329-B532A6C896BB version:1801
Jan 13 11:53:50 ESM-MBP1.local mds[35]: (Normal) ImportServer: Ignoring blacklisted Spotlight importer plugin:/Developer/Applications/Xcode.app/Contents/Library/Spotlight/SourceCode.mdimporter uuid:548A3091-3C5D-498A-A329-B532A6C896BB version:1801
Jan 13 11:54:20 --- last message repeated 1 time ---
Jan 13 11:58:01 ESM-MBP1.local mds[35]: (Normal) ImportServer: Ignoring blacklisted Spotlight importer plugin:/Developer/Applications/Xcode.app/Contents/Library/Spotlight/SourceCode.mdimporter uuid:548A3091-3C5D-498A-A329-B532A6C896BB version:1801
Jan 13 11:58:01 ESM-MBP1.local mds[35]: (Normal) ImportServer: Ignoring blacklisted Spotlight importer plugin:/Developer/Applications/Xcode.app/Contents/Library/Spotlight/SourceCode.mdimporter uuid:548A3091-3C5D-498A-A329-B532A6C896BB version:1801
Jan 13 12:06:12 ESM-MBP1.local mds[35]: (Normal) ImportServer: Ignoring blacklisted Spotlight importer plugin:/Developer/Applications/Xcode.app/Contents/Library/Spotlight/SourceCode.mdimporter uuid:548A3091-3C5D-498A-A329-B532A6C896BB version:1801
Jan 13 12:06:31 --- last message repeated 1 time ---
Jan 13 12:06:31 ESM-MBP1 xpcproxy[5143]: assertion failed: 13F34: xpcproxy + 3438 [D559FC96-E6B1-363A-B850-C7AC9734F210]: 0x2
Jan 13 12:08:24 ESM-MBP1.local mds[35]: (Normal) ImportServer: Ignoring blacklisted Spotlight importer plugin:/Developer/Applications/Xcode.app/Contents/Library/Spotlight/SourceCode.mdimporter uuid:548A3091-3C5D-498A-A329-B532A6C896BB version:1801
Jan 13 12:08:54 --- last message repeated 1 time ---
Jan 13 12:09:33 ESM-MBP1.local WindowServer[188]: disable_update_timeout: UI updates were forcibly disabled by application "Dropbox" for over 1.00 seconds. Server has re-enabled them.
Jan 13 12:09:34 ESM-MBP1 kernel[0]: fsevents: watcher dbfseventsd (pid: 5205) - Using /dev/fsevents directly is unsupported. Migrate to FSEventsFramework
Jan 13 12:09:36 ESM-MBP1.local WindowServer[188]: common_reenable_update: UI updates were finally reenabled by application "Dropbox" after 3.66 seconds (server forcibly re-enabled them after 1.00 seconds)
Jan 13 12:09:37 ESM-MBP1.local Dropbox[5186]: PyObjCPointer created: at 0x568fc88 of type {OpaqueJSContext=}
Jan 13 12:09:51 ESM-MBP1.local System Events[5203]: .sdef warning for part of complex type 'any | number | boolean | date | list | record | text | data' used in suite 'Property List Suite': 'data' is not a valid type name.
Jan 13 12:09:51 ESM-MBP1.local System Events[5203]: .sdef warning for type 'text | missing value | any' attribute 'uniqueID' of class 'XML element' in suite 'XML Suite': AppleScript ID references may not work for this property because its type is not NSNumber- or NSString-derived.
Jan 13 12:10:14 ESM-MBP1.local Dropbox[5186]: ICARegisterForEventNotification-Has been deprecated since 10.5. Calls to this function in the future may crash this application. Please move to ImageCaptureCore
Jan 13 12:12:53 ESM-MBP1.local mds[35]: (Normal) ImportServer: Ignoring blacklisted Spotlight importer plugin:/Developer/Applications/Xcode.app/Contents/Library/Spotlight/SourceCode.mdimporter uuid:548A3091-3C5D-498A-A329-B532A6C896BB version:1801
Jan 13 12:13:23 --- last message repeated 1 time ---
Jan 13 12:15:03 ESM-MBP1.local mds[35]: (Normal) ImportServer: Ignoring blacklisted Spotlight importer plugin:/Developer/Applications/Xcode.app/Contents/Library/Spotlight/SourceCode.mdimporter uuid:548A3091-3C5D-498A-A329-B532A6C896BB version:1801
Jan 13 12:15:03 ESM-MBP1.local mds[35]: (Normal) ImportServer: Ignoring blacklisted Spotlight importer plugin:/Developer/Applications/Xcode.app/Contents/Library/Spotlight/SourceCode.mdimporter uuid:548A3091-3C5D-498A-A329-B532A6C896BB version:1801
Jan 13 12:17:36 ESM-MBP1 xpcproxy[5368]: assertion failed: 13F34: xpcproxy + 3438 [D559FC96-E6B1-363A-B850-C7AC9734F210]: 0x2
Jan 13 12:19:16 ESM-MBP1.local mds[35]: (Normal) ImportServer: Ignoring blacklisted Spotlight importer plugin:/Developer/Applications/Xcode.app/Contents/Library/Spotlight/SourceCode.mdimporter uuid:548A3091-3C5D-498A-A329-B532A6C896BB version:1801
Jan 13 12:19:46 --- last message repeated 1 time ---
Jan 13 12:23:26 ESM-MBP1.local mds[35]: (Normal) ImportServer: Ignoring blacklisted Spotlight importer plugin:/Developer/Applications/Xcode.app/Contents/Library/Spotlight/SourceCode.mdimporter uuid:548A3091-3C5D-498A-A329-B532A6C896BB version:1801
Jan 13 12:23:26 ESM-MBP1.local mds[35]: (Normal) ImportServer: Ignoring blacklisted Spotlight importer plugin:/Developer/Applications/Xcode.app/Contents/Library/Spotlight/SourceCode.mdimporter uuid:548A3091-3C5D-498A-A329-B532A6C896BB version:1801
Jan 13 12:25:38 ESM-MBP1.local mds[35]: (Normal) ImportServer: Ignoring blacklisted Spotlight importer plugin:/Developer/Applications/Xcode.app/Contents/Library/Spotlight/SourceCode.mdimporter uuid:548A3091-3C5D-498A-A329-B532A6C896BB version:1801
Jan 13 12:26:08 --- last message repeated 1 time ---
